{"id":97,"date":"2024-11-21T00:00:00","date_gmt":"2024-11-21T03:00:00","guid":{"rendered":"https:\/\/www.projetohumanos.com.br\/wiki\/o-piloto\/?post_type=encyclopedia&#038;p=97"},"modified":"2024-11-20T12:42:32","modified_gmt":"2024-11-20T15:42:32","slug":"manuel-pereira","status":"publish","type":"encyclopedia","link":"http:\/\/www.projetohumanos.com.br\/wiki\/o-piloto\/personagens\/manuel-pereira\/","title":{"rendered":"Manuel Pereira"},"content":{"rendered":"\n<p>Apontado pelo ex-delegado da Pol&iacute;cia Federal, <a href=\"http:\/\/www.projetohumanos.com.br\/wiki\/o-piloto\/personagens\/teofanis-afonso\/\" target=\"_self\" title=\"Delegado da PF que atuou nas investiga&ccedil;&otilde;es de roubo de aeronaves nos anos 1980\" class=\"encyclopedia\">Te&oacute;fanis Afonso<\/a>, como comandante de uma das quadrilhas respons&aacute;veis pelos roubos de avi&otilde;es ocorridos no Brasil na d&eacute;cada de 1980. Al&eacute;m dele, outro l&iacute;der conhecido pelos policiais era <a href=\"http:\/\/www.projetohumanos.com.br\/wiki\/o-piloto\/personagens\/jose-alves-de-souza\/\" target=\"_self\" title=\"Pistoleiro respons&aacute;vel pelo sequestro e morte de pilotos nos anos 1980\" class=\"encyclopedia\">Jos&eacute; Alves de Souza<\/a>, o Fininho.<\/p>\n","protected":false},"excerpt":{"rendered":"<p>Comandante de uma das quadrilhas respons\u00e1veis pelo roubo de avi\u00f5es na d\u00e9cada de 1980<\/p>\n","protected":false},"author":3,"featured_media":28,"template":"","encyclopedia-category":[4],"encyclopedia-tag":[17],"_links":{"self":[{"href":"http:\/\/www.projetohumanos.com.br\/wiki\/o-piloto\/wp-json\/wp\/v2\/encyclopedia\/97"}],"collection":[{"href":"http:\/\/www.projetohumanos.com.br\/wiki\/o-piloto\/wp-json\/wp\/v2\/encyclopedia"}],"about":[{"href":"http:\/\/www.projetohumanos.com.br\/wiki\/o-piloto\/wp-json\/wp\/v2\/types\/encyclopedia"}],"author":[{"embeddable":true,"href":"http:\/\/www.projetohumanos.com.br\/wiki\/o-piloto\/wp-json\/wp\/v2\/users\/3"}],"wp:featuredmedia":[{"embeddable":true,"href":"http:\/\/www.projetohumanos.com.br\/wiki\/o-piloto\/wp-json\/wp\/v2\/media\/28"}],"wp:attachment":[{"href":"http:\/\/www.projetohumanos.com.br\/wiki\/o-piloto\/wp-json\/wp\/v2\/media?parent=97"}],"wp:term":[{"taxonomy":"encyclopedia-category","embeddable":true,"href":"http:\/\/www.projetohumanos.com.br\/wiki\/o-piloto\/wp-json\/wp\/v2\/encyclopedia-category?post=97"},{"taxonomy":"encyclopedia-tag","embeddable":true,"href":"http:\/\/www.projetohumanos.com.br\/wiki\/o-piloto\/wp-json\/wp\/v2\/encyclopedia-tag?post=97"}],"curies":[{"name":"wp","href":"https:\/\/api.w.org\/{rel}","templated":true}]}}

<p>Comandante de uma das quadrilhas responsáveis pelo roubo de aviões na década de 1980</p>
