{"id":102,"date":"2024-11-21T00:00:00","date_gmt":"2024-11-21T03:00:00","guid":{"rendered":"https:\/\/www.projetohumanos.com.br\/wiki\/o-piloto\/?post_type=encyclopedia&#038;p=102"},"modified":"2024-11-20T12:56:59","modified_gmt":"2024-11-20T15:56:59","slug":"allan-de-abreu","status":"publish","type":"encyclopedia","link":"http:\/\/www.projetohumanos.com.br\/wiki\/o-piloto\/personagens\/allan-de-abreu\/","title":{"rendered":"Allan de Abreu"},"content":{"rendered":"\n<p>Jornalista da Revista Piau&iacute;, que auxiliou Ivan Mizanzuk nesta temporada do podcast. &Eacute; um dos maiores especialistas sobre a hist&oacute;ria do tr&aacute;fico de drogas no Brasil.&nbsp;<\/p>\n","protected":false},"excerpt":{"rendered":"<p>Jornalista da Piau\u00ed, \u00e9 um dos maiores especialistas sobre a hist\u00f3ria do tr\u00e1fico de drogas no Brasil<\/p>\n","protected":false},"author":3,"featured_media":28,"template":"","encyclopedia-category":[4],"encyclopedia-tag":[18],"_links":{"self":[{"href":"http:\/\/www.projetohumanos.com.br\/wiki\/o-piloto\/wp-json\/wp\/v2\/encyclopedia\/102"}],"collection":[{"href":"http:\/\/www.projetohumanos.com.br\/wiki\/o-piloto\/wp-json\/wp\/v2\/encyclopedia"}],"about":[{"href":"http:\/\/www.projetohumanos.com.br\/wiki\/o-piloto\/wp-json\/wp\/v2\/types\/encyclopedia"}],"author":[{"embeddable":true,"href":"http:\/\/www.projetohumanos.com.br\/wiki\/o-piloto\/wp-json\/wp\/v2\/users\/3"}],"wp:featuredmedia":[{"embeddable":true,"href":"http:\/\/www.projetohumanos.com.br\/wiki\/o-piloto\/wp-json\/wp\/v2\/media\/28"}],"wp:attachment":[{"href":"http:\/\/www.projetohumanos.com.br\/wiki\/o-piloto\/wp-json\/wp\/v2\/media?parent=102"}],"wp:term":[{"taxonomy":"encyclopedia-category","embeddable":true,"href":"http:\/\/www.projetohumanos.com.br\/wiki\/o-piloto\/wp-json\/wp\/v2\/encyclopedia-category?post=102"},{"taxonomy":"encyclopedia-tag","embeddable":true,"href":"http:\/\/www.projetohumanos.com.br\/wiki\/o-piloto\/wp-json\/wp\/v2\/encyclopedia-tag?post=102"}],"curies":[{"name":"wp","href":"https:\/\/api.w.org\/{rel}","templated":true}]}}

<p>Jornalista da Piauí, é um dos maiores especialistas sobre a história do tráfico de drogas no Brasil</p>
