{"id":88,"date":"2023-10-23T00:05:00","date_gmt":"2023-10-23T03:05:00","guid":{"rendered":"https:\/\/www.projetohumanos.com.br\/wiki\/caso-leandro-bossi\/?post_type=encyclopedia&#038;p=88"},"modified":"2023-10-20T14:20:31","modified_gmt":"2023-10-20T17:20:31","slug":"ney-leprevost","status":"publish","type":"encyclopedia","link":"http:\/\/www.projetohumanos.com.br\/wiki\/caso-leandro-bossi\/encyclopedia\/ney-leprevost\/","title":{"rendered":"Ney Leprevost"},"content":{"rendered":"\n<p>Secret&aacute;rio de Justi&ccedil;a do Governo do Paran&aacute; no ano de 2021, quando sugeriu a abertura de um Grupo de Trabalho para discutir o caso Evandro, frente &agrave;s novas fitas reveladas pelo Projeto Humanos. Ele entendeu que as grava&ccedil;&otilde;es provam a tortura sofrida pelos acusados e, em nome do Estado, emitiu pedidos de desculpas aos envolvidos. <\/p>\n","protected":false},"excerpt":{"rendered":"<p>Secret\u00e1rio de Justi\u00e7a do Paran\u00e1 em 2021<\/p>\n","protected":false},"author":3,"featured_media":34,"template":"","encyclopedia-category":[7],"encyclopedia-tag":[13],"_links":{"self":[{"href":"http:\/\/www.projetohumanos.com.br\/wiki\/caso-leandro-bossi\/wp-json\/wp\/v2\/encyclopedia\/88"}],"collection":[{"href":"http:\/\/www.projetohumanos.com.br\/wiki\/caso-leandro-bossi\/wp-json\/wp\/v2\/encyclopedia"}],"about":[{"href":"http:\/\/www.projetohumanos.com.br\/wiki\/caso-leandro-bossi\/wp-json\/wp\/v2\/types\/encyclopedia"}],"author":[{"embeddable":true,"href":"http:\/\/www.projetohumanos.com.br\/wiki\/caso-leandro-bossi\/wp-json\/wp\/v2\/users\/3"}],"wp:featuredmedia":[{"embeddable":true,"href":"http:\/\/www.projetohumanos.com.br\/wiki\/caso-leandro-bossi\/wp-json\/wp\/v2\/media\/34"}],"wp:attachment":[{"href":"http:\/\/www.projetohumanos.com.br\/wiki\/caso-leandro-bossi\/wp-json\/wp\/v2\/media?parent=88"}],"wp:term":[{"taxonomy":"encyclopedia-category","embeddable":true,"href":"http:\/\/www.projetohumanos.com.br\/wiki\/caso-leandro-bossi\/wp-json\/wp\/v2\/encyclopedia-category?post=88"},{"taxonomy":"encyclopedia-tag","embeddable":true,"href":"http:\/\/www.projetohumanos.com.br\/wiki\/caso-leandro-bossi\/wp-json\/wp\/v2\/encyclopedia-tag?post=88"}],"curies":[{"name":"wp","href":"https:\/\/api.w.org\/{rel}","templated":true}]}}

<p>Secretário de Justiça do Paraná em 2021</p>
