{"id":394,"date":"2023-12-05T00:05:00","date_gmt":"2023-12-05T03:05:00","guid":{"rendered":"https:\/\/www.projetohumanos.com.br\/wiki\/caso-leandro-bossi\/?post_type=encyclopedia&#038;p=394"},"modified":"2023-12-04T06:43:11","modified_gmt":"2023-12-04T09:43:11","slug":"jose-maria-de-paula-correia","status":"publish","type":"encyclopedia","link":"http:\/\/www.projetohumanos.com.br\/wiki\/caso-leandro-bossi\/encyclopedia\/jose-maria-de-paula-correia\/","title":{"rendered":"Jos\u00e9 Maria de Paula Correia"},"content":{"rendered":"\n<p>Delegado geral da Pol&iacute;cia Civil do Paran&aacute; na d&eacute;cada de 1990, foi ele quem atendeu ao chamado de <a href=\"http:\/\/www.projetohumanos.com.br\/wiki\/caso-leandro-bossi\/encyclopedia\/aldo-abagge\/\" target=\"_self\" title=\"Prefeito de Guaratuba em 1992\" class=\"encyclopedia\">Aldo Abagge<\/a> para envolver o Grupo Tigre na investiga&ccedil;&atilde;o do desaparecimento de <a href=\"http:\/\/www.projetohumanos.com.br\/wiki\/caso-leandro-bossi\/encyclopedia\/evandro-ramos-caetano\/\" target=\"_self\" title=\"Crian&ccedil;a desaparecida e encontrada morta em abril de 1992 em Guaratuba\" class=\"encyclopedia\">Evandro Ramos Caetano<\/a>.<\/p>\n","protected":false},"excerpt":{"rendered":"<p>Delegado geral da Pol\u00edcia Civil do Paran\u00e1 na d\u00e9cada de 1990<\/p>\n","protected":false},"author":3,"featured_media":34,"template":"","encyclopedia-category":[7],"encyclopedia-tag":[23],"_links":{"self":[{"href":"http:\/\/www.projetohumanos.com.br\/wiki\/caso-leandro-bossi\/wp-json\/wp\/v2\/encyclopedia\/394"}],"collection":[{"href":"http:\/\/www.projetohumanos.com.br\/wiki\/caso-leandro-bossi\/wp-json\/wp\/v2\/encyclopedia"}],"about":[{"href":"http:\/\/www.projetohumanos.com.br\/wiki\/caso-leandro-bossi\/wp-json\/wp\/v2\/types\/encyclopedia"}],"author":[{"embeddable":true,"href":"http:\/\/www.projetohumanos.com.br\/wiki\/caso-leandro-bossi\/wp-json\/wp\/v2\/users\/3"}],"wp:featuredmedia":[{"embeddable":true,"href":"http:\/\/www.projetohumanos.com.br\/wiki\/caso-leandro-bossi\/wp-json\/wp\/v2\/media\/34"}],"wp:attachment":[{"href":"http:\/\/www.projetohumanos.com.br\/wiki\/caso-leandro-bossi\/wp-json\/wp\/v2\/media?parent=394"}],"wp:term":[{"taxonomy":"encyclopedia-category","embeddable":true,"href":"http:\/\/www.projetohumanos.com.br\/wiki\/caso-leandro-bossi\/wp-json\/wp\/v2\/encyclopedia-category?post=394"},{"taxonomy":"encyclopedia-tag","embeddable":true,"href":"http:\/\/www.projetohumanos.com.br\/wiki\/caso-leandro-bossi\/wp-json\/wp\/v2\/encyclopedia-tag?post=394"}],"curies":[{"name":"wp","href":"https:\/\/api.w.org\/{rel}","templated":true}]}}

José Maria de Paula Correia

<p>Delegado geral da Polícia Civil do Paraná na década de 1990</p>
