{"id":387,"date":"2023-11-28T00:05:00","date_gmt":"2023-11-28T03:05:00","guid":{"rendered":"https:\/\/www.projetohumanos.com.br\/wiki\/caso-leandro-bossi\/?post_type=encyclopedia&#038;p=387"},"modified":"2023-11-27T12:35:38","modified_gmt":"2023-11-27T15:35:38","slug":"rogerio-podolak-pencai","status":"publish","type":"encyclopedia","link":"http:\/\/www.projetohumanos.com.br\/wiki\/caso-leandro-bossi\/encyclopedia\/rogerio-podolak-pencai\/","title":{"rendered":"Rog\u00e9rio Podolak Pencai"},"content":{"rendered":"\n<p>Um dos policiais do grupo Tigre, comandado pelos delegados <a href=\"http:\/\/www.projetohumanos.com.br\/wiki\/caso-leandro-bossi\/encyclopedia\/adauto-abreu\/\" target=\"_self\" title=\"Delegado encarregado pelas investiga&ccedil;&otilde;es do caso Evandro entre abril e julho de 1992\" class=\"encyclopedia\">Adauto Abreu<\/a> e <a href=\"http:\/\/www.projetohumanos.com.br\/wiki\/caso-leandro-bossi\/encyclopedia\/leila-bertolini\/\" target=\"_self\" title=\"Delegada encarregada pela investiga&ccedil;&atilde;o do caso Evandro entre abril e julho de 1992\" class=\"encyclopedia\">Leila Bertolini<\/a>. Atuou no in&iacute;cio das investiga&ccedil;&otilde;es do caso Evandro. <\/p>\n","protected":false},"excerpt":{"rendered":"<p>Policial do Grupo Tigre que atuou no in\u00edcio das investiga\u00e7\u00f5es do caso Evandro<\/p>\n","protected":false},"author":3,"featured_media":34,"template":"","encyclopedia-category":[7],"encyclopedia-tag":[28],"_links":{"self":[{"href":"http:\/\/www.projetohumanos.com.br\/wiki\/caso-leandro-bossi\/wp-json\/wp\/v2\/encyclopedia\/387"}],"collection":[{"href":"http:\/\/www.projetohumanos.com.br\/wiki\/caso-leandro-bossi\/wp-json\/wp\/v2\/encyclopedia"}],"about":[{"href":"http:\/\/www.projetohumanos.com.br\/wiki\/caso-leandro-bossi\/wp-json\/wp\/v2\/types\/encyclopedia"}],"author":[{"embeddable":true,"href":"http:\/\/www.projetohumanos.com.br\/wiki\/caso-leandro-bossi\/wp-json\/wp\/v2\/users\/3"}],"wp:featuredmedia":[{"embeddable":true,"href":"http:\/\/www.projetohumanos.com.br\/wiki\/caso-leandro-bossi\/wp-json\/wp\/v2\/media\/34"}],"wp:attachment":[{"href":"http:\/\/www.projetohumanos.com.br\/wiki\/caso-leandro-bossi\/wp-json\/wp\/v2\/media?parent=387"}],"wp:term":[{"taxonomy":"encyclopedia-category","embeddable":true,"href":"http:\/\/www.projetohumanos.com.br\/wiki\/caso-leandro-bossi\/wp-json\/wp\/v2\/encyclopedia-category?post=387"},{"taxonomy":"encyclopedia-tag","embeddable":true,"href":"http:\/\/www.projetohumanos.com.br\/wiki\/caso-leandro-bossi\/wp-json\/wp\/v2\/encyclopedia-tag?post=387"}],"curies":[{"name":"wp","href":"https:\/\/api.w.org\/{rel}","templated":true}]}}

Rogério Podolak Pencai

<p>Policial do Grupo Tigre que atuou no início das investigações do caso Evandro</p>
