{"id":386,"date":"2023-11-28T00:05:00","date_gmt":"2023-11-28T03:05:00","guid":{"rendered":"https:\/\/www.projetohumanos.com.br\/wiki\/caso-leandro-bossi\/?post_type=encyclopedia&#038;p=386"},"modified":"2023-11-27T12:32:59","modified_gmt":"2023-11-27T15:32:59","slug":"isabel-kluger-mendes","status":"publish","type":"encyclopedia","link":"http:\/\/www.projetohumanos.com.br\/wiki\/caso-leandro-bossi\/encyclopedia\/isabel-kluger-mendes\/","title":{"rendered":"Isabel Kluger Mendes"},"content":{"rendered":"\n<p>Importante ativista sobre direitos humanos e condi&ccedil;&atilde;o de presos no Paran&aacute;. Na d&eacute;cada de 1990, ela chefiava o Conselho da Condi&ccedil;&atilde;o Feminina e chegou a elaborar dois dossi&ecirc;s sobre as alega&ccedil;&otilde;es de tortura dos acusados no caso Evandro: o primeiro foi feito em 23 de novembro de 1992 e chama-se &ldquo;Caso Evandro de Guaratuba&rdquo;; o segundo, mais completo, &eacute; intitulado &ldquo;Tortura Nunca Mais&rdquo; e data de 23 de junho de 1993.<\/p>\n","protected":false},"excerpt":{"rendered":"<p>Advogada e ativista que elaborou os dossi\u00eas sobre as acusa\u00e7\u00f5es de tortura no caso Evandro<\/p>\n","protected":false},"author":3,"featured_media":33,"template":"","encyclopedia-category":[7],"encyclopedia-tag":[11],"_links":{"self":[{"href":"http:\/\/www.projetohumanos.com.br\/wiki\/caso-leandro-bossi\/wp-json\/wp\/v2\/encyclopedia\/386"}],"collection":[{"href":"http:\/\/www.projetohumanos.com.br\/wiki\/caso-leandro-bossi\/wp-json\/wp\/v2\/encyclopedia"}],"about":[{"href":"http:\/\/www.projetohumanos.com.br\/wiki\/caso-leandro-bossi\/wp-json\/wp\/v2\/types\/encyclopedia"}],"author":[{"embeddable":true,"href":"http:\/\/www.projetohumanos.com.br\/wiki\/caso-leandro-bossi\/wp-json\/wp\/v2\/users\/3"}],"wp:featuredmedia":[{"embeddable":true,"href":"http:\/\/www.projetohumanos.com.br\/wiki\/caso-leandro-bossi\/wp-json\/wp\/v2\/media\/33"}],"wp:attachment":[{"href":"http:\/\/www.projetohumanos.com.br\/wiki\/caso-leandro-bossi\/wp-json\/wp\/v2\/media?parent=386"}],"wp:term":[{"taxonomy":"encyclopedia-category","embeddable":true,"href":"http:\/\/www.projetohumanos.com.br\/wiki\/caso-leandro-bossi\/wp-json\/wp\/v2\/encyclopedia-category?post=386"},{"taxonomy":"encyclopedia-tag","embeddable":true,"href":"http:\/\/www.projetohumanos.com.br\/wiki\/caso-leandro-bossi\/wp-json\/wp\/v2\/encyclopedia-tag?post=386"}],"curies":[{"name":"wp","href":"https:\/\/api.w.org\/{rel}","templated":true}]}}

<p>Advogada e ativista que elaborou os dossiês sobre as acusações de tortura no caso Evandro</p>
