{"id":370,"date":"2023-11-21T00:05:00","date_gmt":"2023-11-21T03:05:00","guid":{"rendered":"https:\/\/www.projetohumanos.com.br\/wiki\/caso-leandro-bossi\/?post_type=encyclopedia&#038;p=370"},"modified":"2023-11-20T08:52:37","modified_gmt":"2023-11-20T11:52:37","slug":"inacio-raymundo-pensin","status":"publish","type":"encyclopedia","link":"http:\/\/www.projetohumanos.com.br\/wiki\/caso-leandro-bossi\/encyclopedia\/inacio-raymundo-pensin\/","title":{"rendered":"In\u00e1cio Raymundo Pensin"},"content":{"rendered":"\n<p>Delegado de Mandirituba (atual Fazenda Rio Grande), respons&aacute;vel pelas investiga&ccedil;&otilde;es iniciais da morte de <a href=\"http:\/\/www.projetohumanos.com.br\/wiki\/caso-leandro-bossi\/encyclopedia\/sandra-matheus-da-luz\/\" target=\"_self\" title=\"Menina de 11 anos encontrada morta em Fazenda Rio Grande em 1989\" class=\"encyclopedia\">Sandra Mateus da Luz<\/a>, ocorrida em junho de 1989.  <\/p>\n","protected":false},"excerpt":{"rendered":"<p>Delegado respons\u00e1vel pelas investiga\u00e7\u00f5es iniciais do caso Sandrinha<\/p>\n","protected":false},"author":3,"featured_media":34,"template":"","encyclopedia-category":[7],"encyclopedia-tag":[23],"_links":{"self":[{"href":"http:\/\/www.projetohumanos.com.br\/wiki\/caso-leandro-bossi\/wp-json\/wp\/v2\/encyclopedia\/370"}],"collection":[{"href":"http:\/\/www.projetohumanos.com.br\/wiki\/caso-leandro-bossi\/wp-json\/wp\/v2\/encyclopedia"}],"about":[{"href":"http:\/\/www.projetohumanos.com.br\/wiki\/caso-leandro-bossi\/wp-json\/wp\/v2\/types\/encyclopedia"}],"author":[{"embeddable":true,"href":"http:\/\/www.projetohumanos.com.br\/wiki\/caso-leandro-bossi\/wp-json\/wp\/v2\/users\/3"}],"wp:featuredmedia":[{"embeddable":true,"href":"http:\/\/www.projetohumanos.com.br\/wiki\/caso-leandro-bossi\/wp-json\/wp\/v2\/media\/34"}],"wp:attachment":[{"href":"http:\/\/www.projetohumanos.com.br\/wiki\/caso-leandro-bossi\/wp-json\/wp\/v2\/media?parent=370"}],"wp:term":[{"taxonomy":"encyclopedia-category","embeddable":true,"href":"http:\/\/www.projetohumanos.com.br\/wiki\/caso-leandro-bossi\/wp-json\/wp\/v2\/encyclopedia-category?post=370"},{"taxonomy":"encyclopedia-tag","embeddable":true,"href":"http:\/\/www.projetohumanos.com.br\/wiki\/caso-leandro-bossi\/wp-json\/wp\/v2\/encyclopedia-tag?post=370"}],"curies":[{"name":"wp","href":"https:\/\/api.w.org\/{rel}","templated":true}]}}

Inácio Raymundo Pensin

<p>Delegado responsável pelas investigações iniciais do caso Sandrinha</p>
