{"id":178,"date":"2023-10-27T00:05:00","date_gmt":"2023-10-27T03:05:00","guid":{"rendered":"https:\/\/www.projetohumanos.com.br\/wiki\/caso-leandro-bossi\/?post_type=encyclopedia&#038;p=178"},"modified":"2023-10-26T10:30:52","modified_gmt":"2023-10-26T13:30:52","slug":"mariana-gevaerd","status":"publish","type":"encyclopedia","link":"http:\/\/www.projetohumanos.com.br\/wiki\/caso-leandro-bossi\/encyclopedia\/mariana-gevaerd\/","title":{"rendered":"Mariana Gevaerd"},"content":{"rendered":"\n<p>Assessora de comunica&ccedil;&atilde;o da Pol&iacute;cia Cient&iacute;fica do Paran&aacute; em 2023.<\/p>\n","protected":false},"excerpt":{"rendered":"<p>Assessora de comunica\u00e7\u00e3o da Pol\u00edcia Cient\u00edfica do Paran\u00e1.<\/p>\n","protected":false},"author":3,"featured_media":33,"template":"","encyclopedia-category":[7],"encyclopedia-tag":[18],"_links":{"self":[{"href":"http:\/\/www.projetohumanos.com.br\/wiki\/caso-leandro-bossi\/wp-json\/wp\/v2\/encyclopedia\/178"}],"collection":[{"href":"http:\/\/www.projetohumanos.com.br\/wiki\/caso-leandro-bossi\/wp-json\/wp\/v2\/encyclopedia"}],"about":[{"href":"http:\/\/www.projetohumanos.com.br\/wiki\/caso-leandro-bossi\/wp-json\/wp\/v2\/types\/encyclopedia"}],"author":[{"embeddable":true,"href":"http:\/\/www.projetohumanos.com.br\/wiki\/caso-leandro-bossi\/wp-json\/wp\/v2\/users\/3"}],"wp:featuredmedia":[{"embeddable":true,"href":"http:\/\/www.projetohumanos.com.br\/wiki\/caso-leandro-bossi\/wp-json\/wp\/v2\/media\/33"}],"wp:attachment":[{"href":"http:\/\/www.projetohumanos.com.br\/wiki\/caso-leandro-bossi\/wp-json\/wp\/v2\/media?parent=178"}],"wp:term":[{"taxonomy":"encyclopedia-category","embeddable":true,"href":"http:\/\/www.projetohumanos.com.br\/wiki\/caso-leandro-bossi\/wp-json\/wp\/v2\/encyclopedia-category?post=178"},{"taxonomy":"encyclopedia-tag","embeddable":true,"href":"http:\/\/www.projetohumanos.com.br\/wiki\/caso-leandro-bossi\/wp-json\/wp\/v2\/encyclopedia-tag?post=178"}],"curies":[{"name":"wp","href":"https:\/\/api.w.org\/{rel}","templated":true}]}}

<p>Assessora de comunicação da Polícia Científica do Paraná.</p>
