{"id":153,"date":"2023-10-26T00:05:00","date_gmt":"2023-10-26T03:05:00","guid":{"rendered":"https:\/\/www.projetohumanos.com.br\/wiki\/caso-leandro-bossi\/?post_type=encyclopedia&#038;p=153"},"modified":"2023-10-24T13:13:35","modified_gmt":"2023-10-24T16:13:35","slug":"patricia-conceicao-nobre-paz","status":"publish","type":"encyclopedia","link":"http:\/\/www.projetohumanos.com.br\/wiki\/caso-leandro-bossi\/encyclopedia\/patricia-conceicao-nobre-paz\/","title":{"rendered":"Patr\u00edcia Concei\u00e7\u00e3o Nobre Paz"},"content":{"rendered":"\n<p>Delegada do Servi&ccedil;o de Investiga&ccedil;&atilde;o de Crian&ccedil;as Desaparecidas (Sicride) do Paran&aacute;, que auxiliou nos trabalhos de identifica&ccedil;&atilde;o da ossada de <a href=\"http:\/\/www.projetohumanos.com.br\/wiki\/caso-leandro-bossi\/encyclopedia\/leandro-bossi\/\" target=\"_self\" title=\"Crian&ccedil;a desaparecida em 15 de fevereiro de 1992 em Guaratuba\" class=\"encyclopedia\">Leandro Bossi<\/a> em 2022.<\/p>\n","protected":false},"excerpt":{"rendered":"<p>Delegada do Sicride que auxiliou na identifica\u00e7\u00e3o da ossada de Leandro Bossi<\/p>\n","protected":false},"author":3,"featured_media":33,"template":"","encyclopedia-category":[7],"encyclopedia-tag":[23],"_links":{"self":[{"href":"http:\/\/www.projetohumanos.com.br\/wiki\/caso-leandro-bossi\/wp-json\/wp\/v2\/encyclopedia\/153"}],"collection":[{"href":"http:\/\/www.projetohumanos.com.br\/wiki\/caso-leandro-bossi\/wp-json\/wp\/v2\/encyclopedia"}],"about":[{"href":"http:\/\/www.projetohumanos.com.br\/wiki\/caso-leandro-bossi\/wp-json\/wp\/v2\/types\/encyclopedia"}],"author":[{"embeddable":true,"href":"http:\/\/www.projetohumanos.com.br\/wiki\/caso-leandro-bossi\/wp-json\/wp\/v2\/users\/3"}],"wp:featuredmedia":[{"embeddable":true,"href":"http:\/\/www.projetohumanos.com.br\/wiki\/caso-leandro-bossi\/wp-json\/wp\/v2\/media\/33"}],"wp:attachment":[{"href":"http:\/\/www.projetohumanos.com.br\/wiki\/caso-leandro-bossi\/wp-json\/wp\/v2\/media?parent=153"}],"wp:term":[{"taxonomy":"encyclopedia-category","embeddable":true,"href":"http:\/\/www.projetohumanos.com.br\/wiki\/caso-leandro-bossi\/wp-json\/wp\/v2\/encyclopedia-category?post=153"},{"taxonomy":"encyclopedia-tag","embeddable":true,"href":"http:\/\/www.projetohumanos.com.br\/wiki\/caso-leandro-bossi\/wp-json\/wp\/v2\/encyclopedia-tag?post=153"}],"curies":[{"name":"wp","href":"https:\/\/api.w.org\/{rel}","templated":true}]}}

Patrícia Conceição Nobre Paz

<p>Delegada do Sicride que auxiliou na identificação da ossada de Leandro Bossi</p>
